git of 1696370?
3
What is the millions digit of 10226929?
0
What is the tens digit of 126529?
2
What is the hundred thousands digit of 1829049?
8
What is the ten thousands digit of 4924686?
2
What is the thousands digit of 8512846?
2
What is the hundreds digit of 6216439?
4
What is the tens digit of 10910436?
3
What is the tens digit of 226266?
6
What is the hundreds digit of 2378262?
2
What is the thousands digit of 3781951?
1
What is the tens digit of 277841?
4
What is the millions digit of 10726450?
0
What is the tens digit of 13482520?
2
What is the tens digit of 258603?
0
What is the hundred thousands digit of 16300537?
3
What is the hundreds digit of 306241?
2
What is the ten thousands digit of 203123?
0
What is the ten thousands digit of 233136?
3
What is the thousands digit of 23351362?
1
What is the units digit of 167168?
8
What is the millions digit of 1676760?
1
What is the ten thousands digit of 139321?
3
What is the hundred thousands digit of 186700?
1
What is the tens digit of 7992154?
5
What is the thousands digit of 1527984?
7
What is the units digit of 858312?
2
What is the units digit of 345158?
8
What is the hundreds digit of 7008843?
8
What is the ten thousands digit of 96303?
9
What is the millions digit of 2087355?
2
What is the tens digit of 545536?
3
What is the ten millions digit of 10616364?
1
What is the hundreds digit of 929142?
1
What is the hundred thousands digit of 16990459?
9
What is the ten thousands digit of 376740?
7
What is the ten thousands digit of 370228?
7
What is the hundreds digit of 19371876?
8
What is the hundred thousands digit of 5651530?
6
What is the units digit of 206367?
7
What is the hundred thousands digit of 679604?
6
What is the tens digit of 1115863?
6
What is the tens digit of 294513?
1
What is the thousands digit of 470147?
0
What is the hundred thousands digit of 3967148?
9
What is the millions digit of 2056740?
2
What is the ten thousands digit of 70082?
7
What is the ten thousands digit of 4344929?
4
What is the tens digit of 34140?
4
What is the ten thousands digit of 6308939?
0
What is the hundred thousands digit of 2909417?
9
What is the ten thousands digit of 313324?
1
What is the hundred thousands digit of 483422?
4
What is the hundred thousands digit of 451650?
4
What is the hundred thousands digit of 1174632?
1
What is the units digit of 5482942?
2
What is the hundreds digit of 19851268?
2
What is the units digit of 43248906?
6
What is the thousands digit of 14144506?
4
What is the hundreds digit of 587176?
1
What is the hundred thousands digit of 2024244?
0
What is the ten thousands digit of 5475148?
7
What is the units digit of 1038934?
4
What is the ten thousands digit of 45487?
4
What is the hundred thousands digit of 7219266?
2
What is the thousands digit of 1854808?
4
What is the ten thousands digit of 11008960?
0
What is the ten thousands digit of 28888?
2
What is the thousands digit of 2080027?
0
What is the hundred thousands digit of 1494263?
4
What is the units digit of 2108277?
7
What is the hundred thousands digit of 2190231?
1
What is the tens digit of 14656151?
5
What is the hundred thousands digit of 690687?
6
What is the units digit of 2834528?
8
What is the millions digit of 6447510?
6
What is the ten thousands digit of 468393?
6
What is the ten thousands digit of 565033?
6
What is the tens digit of 29334?
3
What is the units digit of 1707408?
8
What is the hundreds digit of 407169?
1
What is the thousands digit of 361842?
1
What is the thousands digit of 795331?
5
What is the tens digit of 213700?
0
What is the tens digit of 277753?
5
What is the thousands digit of 284855?
4
What is the millions digit of 2947164?
2
What is the thousands digit of 2403905?
3
What is the units digit of 298550?
0
What is the ten thousands digit of 1029754?
2
What is the hundreds digit of 301527?
5
What is the ten thousands digit of 4894580?
9
What is the hundred thousands digit of 1813106?
8
What is the units digit of 39533?
3
What is the thousands digit of 4334337?
4
What is the ten thousands digit of 2848316?
4
What is the units digit of 16550486?
6
What is the hundred thousands digit of 9940510?
9
What is the hundreds digit of 2143398?
3
What is the units digit of 34952819?
9
What is the ten thousands digit of 115971?
1
What is the ten thousands digit of 2665608?
6
What is the millions digit of 5780444?
5
What is the hundreds digit of 6401964?
9
What is the hundreds digit of 1895461?
4
What is the hundred thousands digit of 17881015?
8
What is the hundred thousands digit of 111053?
1
What is the tens digit of 183009?
0
What is the hundred thousands digit of 114086?
1
What is the tens digit of 1704374?
7
What is the hundred thousands digit of 4105832?
1
What is the millions digit of 7517175?
7
What is the tens digit of 6580496?
9
What is the ten thousands digit of 2992094?
9
What is the units digit of 1803646?
6
What is the ten thousands digit of 1309263?
0
What is the tens digit of 20152723?
2
What is the units digit of 316921?
1
What is the thousands digit of 515129?
5
What is the ten thousands digit of 8060112?
6
What is the tens digit of 85096?
9
What is the ten thousands digit of 36203334?
0
What is the thousands digit of 341303?
1
What is the thousands digit of 32853016?
3
What is the tens digit of 147891?
9
What is the hundreds digit of 12772228?
2
What is the ten millions digit of 23251733?
2
What is the units digit of 2423944?
4
What is the hundreds digit of 1183704?
7
What is the tens digit of 91393?
9
What is the hundred thousands digit of 7857178?
8
What is the units digit of 346030?
0
What is the hundreds digit of 338649?
6
What is the thousands digit of 96606?
6
What is the millions digit of 1780740?
1
What is the hundred thousands digit of 4337863?
3
What is the millions digit of 1966950?
1
What is the units digit of 1201984?
4
What is the tens digit of 202208?
0
What is the hundred thousands digit of 148202?
1
What is the units digit of 704153?
3
What is the millions digit of 6668232?
6
What is the hundred thousands digit of 16017398?
0
What is the hundreds digit of 208085?
0
What is the units digit of 573461?
1
What is the thousands digit of 217004?
7
What is the millions digit of 1453747?
1
What is the ten thousands digit of 41270233?
7
What is the thousands digit of 513436?
3
What is the tens digit of 27482?
8
What is the ten thousands digit of 1122277?
2
What is the hundreds digit of 5183391?
3
What is the millions digit of 5048458?
5
What is the units digit of 32031?
1
What is the millions digit of 4147603?
4
What is the hundreds digit of 34255564?
5
What is the hundred thousands digit of 199319?
1
What is the thousands digit of 401462?
1
What is the thousands digit of 3734576?
4
What is the thousands digit of 26630?
6
What is the thousands digit of 28476952?
6
What is the hundreds digit of 1123905?
9
What is the hundreds digit of 461888?
8
What is the millions digit of 3063058?
3
What is the hundred thousands digit of 2478220?
4
What is the ten thousands digit of 176182?
7
What is the ten thousands digit of 1518366?
1
What is the hundred thousands digit of 972591?
9
What is the ten thousands digit of 356499?
5
What is the hundreds digit of 67039?
0
What is the hundred thousands digit of 895945?
8
What is the units digit of 899597?
7
What is the thousands digit of 324068?
4
What is the hundreds digit of 715463?
4
What is the hundred thousands digit of 106845?
1
What is the thousands digit of 272365?
2
What is the hundreds digit of 464880?
8
What is the units digit of 5038005?
5
What is the hundreds digit of 2083664?
6
What is the ten thousands digit of 794457?
9
What is the hundreds digit of 3619124?
1
What is the hundred thousands digit of 257868?
2
What is the tens digit of 3901402?
0
What is the tens digit of 77417?
1
What is the ten thousands digit of 903244?
0
What is the millions digit of 1095030?
1
What is the tens digit of 261394?
9
What is the hundred thousands digit of 934332?
9
What is the hundreds digit of 236100?
1
What is the thousands digit of 2872794?
2
What is the millions digit of 5706813?
5
What is the units digit of 4279803?
3
What is the units digit of 107676?
6
What is the hundred thousands digit of 569934?
5
What is the hundred t